41?
6552
In base 5, what is 14 + -2104223?
-2104204
In base 3, what is 1 - -101202122200?
101202122201
In base 10, what is -5 - -470399?
470394
In base 15, what is 3 + 442e?
4432
In base 3, what is -21002201 + -1011?
-21010212
In base 16, what is 2ed96 + 9?
2ed9f
In base 8, what is 4 + 4215363?
4215367
In base 7, what is 341 + -1550?
-1206
In base 10, what is 54 + 4388?
4442
In base 9, what is 24 + 62135?
62160
In base 10, what is -636 - -100?
-536
In base 7, what is 20 + -36312?
-36262
In base 5, what is -3 - 213030?
-213033
In base 2, what is 100 + -1000111001101100101?
-1000111001101100001
In base 7, what is -4546552 - 2?
-4546554
In base 2, what is 1111101110 + -101110?
1111000000
In base 5, what is -4 + 314312302?
314312243
In base 4, what is -1100110 + -10122?
-1110232
In base 5, what is 1 - -211123114?
211123120
In base 14, what is -6 + -1172?
-1178
In base 13, what is 200b - -73?
2081
In base 15, what is -8327 - 4?
-832b
In base 3, what is 110 + -100020000?
-100012120
In base 7, what is 241655 - -13?
242001
In base 14, what is 24bb - 5?
24b6
In base 16, what is 5d + 84?
e1
In base 5, what is -233202 - -431?
-232221
In base 2, what is 10100111110110 + -1111?
10100111100111
In base 16, what is 3095 - -36?
30cb
In base 10, what is 5 + -1263?
-1258
In base 9, what is 821270 + 5?
821275
In base 11, what is -93 - -792?
6aa
In base 9, what is -10 + -113?
-123
In base 6, what is -333 - 1242?
-2015
In base 14, what is 3320a - -7?
33213
In base 10, what is 327 - -102?
429
In base 13, what is 84 - -617?
69b
In base 7, what is -6464 + -63?
-6560
In base 15, what is -3a64 - 4?
-3a68
In base 15, what is 2bc9 + 12?
2bdb
In base 2, what is 10001010110011 + -100?
10001010101111
In base 8, what is -64241 - 145?
-64406
In base 16, what is 1 - 38d09?
-38d08
In base 11, what is -374 - -463?
9a
In base 11, what is 31 - 685?
-654
In base 9, what is 1712 - -7?
1720
In base 7, what is 3206101 + 4?
3206105
In base 3, what is -1002010 + 212?
-1001021
In base 16, what is 13cec - -2?
13cee
In base 10, what is 5048 - 2?
5046
In base 7, what is 0 - -31054?
31054
In base 8, what is 26 + 101727?
101755
In base 2, what is 100110000100101 + 1001?
100110000101110
In base 3, what is 2201121210101 + -12?
2201121210012
In base 13, what is -469c - -4?
-4698
In base 14, what is 2 + -210?
-20c
In base 7, what is -31250151 + -4?
-31250155
In base 3, what is -101221000 - -12?
-101220211
In base 8, what is -3265756 + -3?
-3265761
In base 4, what is 101 - 3323011?
-3322310
In base 9, what is -137717 - -4?
-137713
In base 4, what is 20 - -100203310?
100203330
In base 9, what is -187788 - -3?
-187785
In base 8, what is -17516466 + 5?
-17516461
In base 2, what is -11100000000000111 + -10?
-11100000000001001
In base 14, what is -11 - -8b7?
8a6
In base 3, what is -112 - -2222202?
2222020
In base 11, what is 359277 - 1?
359276
In base 7, what is 651124 + 4?
651131
In base 10, what is 71149 + -2?
71147
In base 12, what is -9 + -378?
-385
In base 13, what is -1b4528 + 0?
-1b4528
In base 6, what is 10 - -134001?
134011
In base 11, what is -5 - 65a0?
-65a5
In base 9, what is 24 - 4248?
-4224
In base 11, what is 19 + -327?
-309
In base 12, what is 1306b5 + 2?
1306b7
In base 15, what is -5 + 2117?
2112
In base 4, what is -3303220123 - -3?
-3303220120
In base 5, what is -44 - 32240?
-32334
In base 5, what is 202 - 220322?
-220120
In base 6, what is -104504 - -2?
-104502
In base 13, what is 4 + 308?
30c
In base 16, what is bc + 10a?
1c6
In base 12, what is -3a69 + -36?
-3aa3
In base 4, what is 1 + 1112123?
1112130
In base 12, what is 14 - 1888?
-1874
In base 15, what is -d61 + 35?
-d2b
In base 11, what is 25 - -4672?
4697
In base 4, what is 3 - 201213013?
-201213010
In base 12, what is 49283 - -2?
49285
In base 6, what is 1114153 - 1?
1114152
In base 15, what is 171 - -4c96?
4e17
In base 4, what is -23132 - -10330?
-12202
In base 4, what is -302022 - 30?
-302112
In base 8, what is -14677 - -140?
-14537
In base 2, what is -1011100000111010 - -100?
-1011100000110110
In base 3, what is -1212 + 1021?
-121
In base 16, what is 1 - -2c09?
2c0a
In base 11, what is -149195 - 5?
-14919a
In base 6, what is 3310 + -204?
3102
In base 8, what is 254476 + 25?
254523
In base 12, what is -2 - -a3a78?
a3a76
In base 7, what is 5653 + 4?
5660
In base 4, what is -233221330 + -1?
-233221331
In base 14, what is 0 + 762?
762
In base 12, what is -799 + -22?
-7bb
In base 2, what is -1000011101101111 - -1?
-1000011101101110
In base 16, what is 1 + -8bd78?
-8bd77
In base 7, what is -210 - -206?
-1
In base 6, what is 343 + -21145?
-20402
In base 9, what is -5707 + 255?
-5442
In base 6, what is -1130 + -5550?
-11120
In base 4, what is -11212303 + -323?
-11213232
In base 4, what is 13 + -101011212?
-101011133
In base 7, what is 2 + -11044?
-11042
In base 8, what is 3 + -16077?
-16074
In base 11, what is 109 + -2a2?
-194
In base 8, what is 5 + 147646?
147653
In base 4, what is -12 - -1012102001?
1012101323
In base 14, what is -1 - -a025?
a024
In base 6, what is -102114 - -5?
-102105
In base 3, what is 1020000112121 + 2?
1020000112200
In base 13, what is 728143 + 1?
728144
In base 8, what is 1 - -560453?
560454
In base 6, what is -4 + -44451403?
-44451411
In base 11, what is -6 - 51460?
-51466
In base 11, what is 1246 + 10?
1256
In base 3, what is -12 + -1000201200?
-1000201212
In base 11, what is 3712a9 - 1?
3712a8
In base 9, what is 665 - 34?
631
In base 4, what is -1 - 2200300310?
-2200300311
In base 11, what is 290 + 93?
373
In base 3, what is 110 + -11201000?
-11200120
In base 6, what is 1102441 - -34?
1102515
In base 5, what is 12120 + -4104?
3011
In base 3, what is 1002100211 - -12221?
1002120202
In base 8, what is -1 + -17052?
-17053
In base 6, what is -2114532 - -2?
-2114530
In base 16, what is -472 + -15f3?
-1a65
In base 7, what is 43434 + 1?
43435
In base 3, what is -2 - 1202201122100?
-1202201122102
In base 2, what is 101 + -110010010010010?
-110010010001101
In base 9, what is -604601 + 5?
-604585
In base 15, what is -129 - 2be?
-3e8
In base 11, what is -5 + 10954?
1094a
In base 10, what is 1400 - 21?
1379
In base 7, what is -40443 + 2?
-40441
In base 9, what is 54284 + 58?
54353
In base 7, what is -14 - -62023?
62006
In base 8, what is 0 - -240601?
240601
In base 7, what is 12321 + 55?
12406
In base 15, what is 783 - 7?
77b
In base 15, what is 12 - 2c0e8?
-2c0d6
In base 16, what is 188c - 24?
1868
In base 3, what is 2021122 - -1020?
2022212
In base 7, what is 132632 - 11?
132621
In base 3, what is -110202000012 + 1?
-110202000011
In base 2, what is 11 - 1010111010110010111?
-1010111010110010100
In base 16, what is 389b - -4?
389f
In base 3, what is 102001 + 22100?
201101
In base 15, what is 30e3 + d?
3101
In base 2, what is -1101 - -1010101010000?
1010101000011
In base 5, what is 101 + -3004?
-2403
In base 12, what is 189 + -1599?
-1410
In base 15, what is -1 - 40c0?
-40c1
In base 9, what is -108414 + 2?
-108412
In base 4, what is -1 - -13212113?
13212112
In base 13, what is -33a - -1a74?
1737
In base 4, what is 223 - -1122212?
1123101
In base 7, what is 153025 - -3?
153031
In base 14, what is -177173 - -1?
-177172
In base 6, what is 4 + 115151?
115155
In base 13, what is -1 - -31622?
31621
In base 8, what is 0 - 10771?
-10771
In base 11, what is 1aa5 + -101?
19a4
In base 4, what is -30310131 - 2?
-30310133
In base 4, what is 10 + 13302110?
13302120
In base 14, what is 12b + -167?
-3a
In base 13, what is a04981 - 4?
a0497a
In base 3, what is -12 + -202211122?
-202211211
In base 11, what is 521 + -53?
479
In base 2, what is -10101101 - 101010?
-11010111
In base 10, what is 1391865 - -1?
1391866
In base 8, what is 21 + 567503?
567524
In base 9, what is 42 + 445?
487
In base 15, what is -5 + -b55c?
-b562
In base 8, what is 41 - 213?
-152
In base 6, what is -4354511 - 1?
-4354512
In base 8, what is -300017 + -1?
-300020
In base 13, what is 4 + 138c3?
138c7
In base 9, what is 0 + -7266?
-7266
In base 5, what is -10 - -30210142?
30210132
In base 16, what is 8104 - 11?
80f3
In base 15, what is -19 - 3410e?
-34128
In base 8, what is -246 + 1253?
1005
In base 10, what is 268 + 3580?
3848
In base 14, what is 8 + -552a?
-5522
In base 4, what is 113232 - 202102?
-22210
In base 6, what is -11 + 1532042?
1532031
In base 11